n base 6, what is -5323323232 - 5?
-5323323241
In base 14, what is -3b7 + -1940d?
-197c6
In base 10, what is -7729587 + -4?
-7729591
In base 9, what is 515 + 43683?
44308
In base 14, what is -51da5 + -4?
-51da9
In base 9, what is 743 - 55630?
-54776
In base 13, what is 22829b - -75?
228343
In base 13, what is -c8 - 27ca7a?
-27cb75
In base 12, what is -b7b8 - -99?
-b71b
In base 5, what is 234004412 + 0?
234004412
In base 7, what is 3633653 - -64?
3634050
In base 7, what is 3015 + -51412?
-45364
In base 11, what is 44943490 + -4?
44943487
In base 7, what is 56 + 41604553?
41604642
In base 7, what is 2 + 62365046?
62365051
In base 11, what is 1145 + -761a?
-6485
In base 8, what is 154740427 + 3?
154740432
In base 10, what is -8103694 - 149?
-8103843
In base 12, what is -11201466 + 8?
-1120145a
In base 8, what is 210 - 40556?
-40346
In base 3, what is 1022221002 + 1002001?
1101000010
In base 7, what is -634023115 + -2?
-634023120
In base 12, what is 2a199064 + 10?
2a199074
In base 13, what is 2 - -26b30573?
26b30575
In base 2, what is 100110100001110100001001110101 + -10?
100110100001110100001001110011
In base 3, what is 22 - 22120022112?
-22120022020
In base 6, what is -23312353 - -2113?
-23310240
In base 10, what is 287000 + -19?
286981
In base 8, what is -35667 - 5426?
-43315
In base 10, what is 37 + 2713323?
2713360
In base 6, what is -251 + 11344?
11053
In base 11, what is -60 - 72744?
-727a4
In base 10, what is -51159612 + -2?
-51159614
In base 14, what is 4 - 8ba519?
-8ba515
In base 5, what is 2002414 - 1003003?
444411
In base 12, what is 3 - 75688?
-75685
In base 15, what is 35940c5 - 2?
35940c3
In base 9, what is -30 + 3252607?
3252567
In base 9, what is -1 + -7168668?
-7168670
In base 12, what is 1260 + 1141?
23a1
In base 14, what is -3d31c4a + 1?
-3d31c49
In base 14, what is 27d75d - -14?
27d773
In base 7, what is 540 + -22560?
-22020
In base 12, what is 25a - 30b4b?
-308b1
In base 4, what is 2012 + -1201311303?
-1201303231
In base 8, what is -25047 + 24?
-25023
In base 5, what is -11201 + -103142120?
-103203321
In base 2, what is -10 + 1001110000100011101110100110?
1001110000100011101110100100
In base 10, what is 0 - -5680194?
5680194
In base 10, what is 4 - -2848481?
2848485
In base 2, what is 1111010110001 + -10101100011101?
-110001101100
In base 15, what is 9e39 - -148?
a082
In base 14, what is -4c - -3b8bc?
3b870
In base 4, what is -2102222230 + -131123?
-2103020013
In base 15, what is 205506a - 2?
2055068
In base 9, what is -10122 + 185?
-8826
In base 11, what is -2206066a + -5?
-22060674
In base 8, what is -5 + -56416517?
-56416524
In base 3, what is 120022102021012 - -200?
120022102021212
In base 11, what is 2898976 - -116?
2898a91
In base 13, what is -2c70c145 + 1?
-2c70c144
In base 11, what is -50387 + -aa7?
-51383
In base 9, what is 57503035 - 2?
57503033
In base 12, what is -795 + -4453?
-5028
In base 14, what is -73a957 - -313?
-73a644
In base 5, what is 2310114014 + 3?
2310114022
In base 12, what is -78a3 - 35a9?
-b290
In base 11, what is -4a68 + 5352?
395
In base 14, what is -14d3 + d?
-14c4
In base 16, what is 6b6888 - -3?
6b688b
In base 12, what is 9893874 - -1?
9893875
In base 12, what is -1 - -103a43b5b?
103a43b5a
In base 15, what is -ea + 1b?
-ce
In base 10, what is 9 - 1697167?
-1697158
In base 7, what is -401600313 + 5?
-401600305
In base 15, what is ab8 - 1967?
-d9e
In base 9, what is -25 - 272861?
-272886
In base 13, what is 133a5 - 68?
1333a
In base 9, what is 38846258 + 0?
38846258
In base 10, what is -2067 + -2801?
-4868
In base 16, what is 2511 + 9b7?
2ec8
In base 4, what is -3210 - -2212021?
2202211
In base 13, what is -229b - -2?
-2299
In base 9, what is 40433672 - 1?
40433671
In base 14, what is -3c2b - 145b?
-5288
In base 9, what is 2865848 + -25?
2865823
In base 7, what is 54 - -405516?
405603
In base 6, what is 410452330 + 1?
410452331
In base 3, what is 11 - -1011010202000?
1011010202011
In base 9, what is -33857677 + -2?
-33857680
In base 3, what is -10101210020 - -200001?
-10101010012
In base 3, what is 2202102120 + -202211?
2201122202
In base 10, what is -323742 - -117?
-323625
In base 9, what is -7627 + -14657?
-23385
In base 10, what is -2596787512 - 4?
-2596787516
In base 2, what is -110101110101 - 11000011000110?
-11111000111011
In base 5, what is 20 + 20121422023?
20121422043
In base 16, what is -2b5bea - -161?
-2b5a89
In base 12, what is -4 - 538176?
-53817a
In base 3, what is 201002 + -221212102?
-221011100
In base 11, what is 169a5 - 524?
16481
In base 2, what is 10001001110111110110101101 + -1?
10001001110111110110101100
In base 8, what is 366562 - 52?
366510
In base 9, what is -144481606 - 4?
-144481611
In base 14, what is -5146d + -1?
-51470
In base 12, what is -160 + 1157?
bb7
In base 14, what is 2 - -345689?
34568b
In base 8, what is 5 + -122560572?
-122560565
In base 12, what is 4 - a2a97a?
-a2a976
In base 12, what is -15 + -295952?
-295967
In base 16, what is -1212 - -3cbd1?
3b9bf
In base 16, what is -48 - 258d0?
-25918
In base 4, what is -3203130 + -22012010?
-31221200
In base 11, what is 1 - -446479?
44647a
In base 11, what is 50a003a2 - 5?
50a00398
In base 10, what is -77 + 20352?
20275
In base 15, what is 2 - -3ecb68?
3ecb6a
In base 7, what is -24 + -3452645?
-3453002
In base 10, what is -7 - -260287?
260280
In base 10, what is 1 + -268653263?
-268653262
In base 8, what is 403354674 + -6?
403354666
In base 15, what is 2a2 - -17a33?
17cd5
In base 3, what is 20111222221010 + -10100?
20111222210210
In base 13, what is 522c + -111?
511b
In base 16, what is 286d - 1ba7?
cc6
In base 14, what is 195d - 14b3?
48a
In base 14, what is 4125 + -43c?
3ac7
In base 12, what is 348 - -bb2b6?
bb642
In base 2, what is 111001100010001000 - 1010?
111001100001111110
In base 16, what is -106ba - -4d3?
-101e7
In base 14, what is -1 + -151c7a30?
-151c7a31
In base 9, what is 204412624 + -2?
204412622
In base 13, what is -25aa - -4828?
224b
In base 10, what is -49125561 - 5?
-49125566
In base 9, what is 4 + 8003165?
8003170
In base 11, what is -5 + 28428225?
28428220
In base 7, what is -1014 - 1616150?
-1620164
In base 2, what is -1010 + 1011010110101111100111001?
1011010110101111100101111
In base 3, what is 21120222202 - 2211?
21120212221
In base 9, what is 4 + -3246206?
-3246202
In base 16, what is -a3 - -4734?
4691
In base 16, what is 1 - 2a1f613?
-2a1f612
In base 8, what is 164 + 14402233?
14402417
In base 16, what is -170 + -25?
-195
In base 12, what is a403b9 - -1?
a403ba
In base 13, what is 20a184241 - -4?
20a184245
In base 12, what is -7 - -945043?
945038
In base 7, what is -506 - -3631510?
3631001
In base 13, what is 159 + -46a1?
-4545
In base 5, what is -1210331 + -1124?
-1212010
In base 6, what is 202052520 + -142?
202052334
In base 12, what is 2803b + 12?
28051
In base 4, what is 1032131 + -2031310?
-333113
In base 6, what is -325 - 341100?
-341425
In base 12, what is -2209a929 + -2?
-2209a92b
In base 10, what is -4 + -1172163?
-1172167
In base 9, what is -6 - -22621741?
22621734
In base 3, what is -2000121 + -1102200002?
-1111200200
In base 10, what is -13103 - 671?
-13774
In base 2, what is 101 + 10000100000111000111?
10000100000111001100
In base 2, what is 1111100100011100 + 1011101?
1111100101111001
In base 8, what is 20723 - -3057?
24002
In base 7, what is -33341106 + -4?
-33341113
In base 4, what is 220 + -1103333130?
-1103332310
In base 14, what is -4988c3 - 43?
-498926
In base 13, what is 134aa - -63?
13540
In base 11, what is -2301081 + -128?
-23011a9
In base 12, what is -981 + 5900?
4b3b
In base 6, what is 413 + -5533?
-5120
In base 6, what is -3 - -11141511123?
11141511120
In base 8, what is -1 + -5055334?
-5055335
In base 6, what is 2100351 + 15250?
2120041
In base 10, what is 94911 + 481?
95392
In base 3, what is -101102212 - 102021?
-101212010
In base 2, what is -100000011011111 + 1100000011111001?
1000000000011010
In base 16, what is -c5 - -1d21b?
1d156
In base 6, what is -253315103 + -3?
-253315110
In base 10, what is 7127 - 1714?
5413
In base 11, what is -8502168a + -4?
-85021693
In base 7, what is 5 - -1002446543?
1002446551
In base 7, what is 2 + 405125630?
405125632
In base 8, what is 131 + -144333?
-144202
In base 3, what is -1010112110 + -1200020?
-1012012200
In base 